)*(3 + -7). Let g(n) = -n**2 + 1. Calculate g(h).
-3
Let s(d) = d**2 + 3*d + 3. Let p = -43 - -31. Let v be 33/p - (-2)/(-8). What is s(v)?
3
Let z be (0 + (-6)/(-9))*-12. Let f(l) = -5*l + 4. Let s(r) = 15*r - 11. Let x(a) = z*f(a) - 3*s(a). Calculate x(-1).
6
Let w = -1 - -5. Let t(l) be the third derivative of 2*l**2 - 5/24*l**w - 1/15*l**5 + 0 + 1/120*l**6 + 0*l - l**3. Give t(5).
-6
Let f(x) be the third derivative of x**6/120 - x**5/12 - 5*x**3/6 - 9*x**2. Let h be 10/2*(-2 - -3). Suppose h = -0*t + t. Calculate f(t).
-5
Let u(k) = 4 + 4*k**3 + k - 3 - 4*k**2 + 5*k**2. Suppose -y = -a - 0*a - 6, 5*a = 4*y - 25. What is u(a)?
-3
Let t(p) = 2*p + 3. Suppose 4*m - 2*u + 24 = -6*u, -4*m + 3*u = 24. What is t(m)?
-9
Let a(g) = 3*g. Let x be a(1). Let p(d) = d**2 + 1. Let f(b) = -b**3 + 2*b**2 - 2*b - 1. Let h(y) = f(y) + p(y). Determine h(x).
-6
Suppose 0 = -11*g + 2*g - 54. Let t(i) = -i**2 - 6*i - 9. What is t(g)?
-9
Let n(f) = -f - 13. Suppose 0*v + 2*v - 4*p = -30, 0 = v + 2*p + 3. Determine n(v).
-4
Let i be (16/(-12))/((-1)/(-3)). Let w(c) = -c**3 - 3*c**2 + 4*c + 3. Give w(i).
3
Let b(n) = 18*n**2 + 14*n - 17. Let i(a) = -27*a**2 - 21*a + 25. Let z(c) = -7*b(c) - 5*i(c). Let y(j) = j - 1. Let u(m) = -6*y(m) + z(m). What is u(-1)?
8
Let t(h) = -2*h**3 + 2*h**2 + 2*h. Let a be t(2). Let s = -14 - -15. Let d(z) = -4*z**2 + z - 6. Let j(i) = -i**2 - 1. Let v(u) = s*d(u) - 5*j(u). Give v(a).
11
Let c = 43 - 39. Let y(s) = -s**2 - s. Let a(i) = -i**2 - 2*i + 1. Let w(d) = -5*a(d) + 6*y(d). Give w(c).
-5
Let o(c) be the second derivative of c**5/20 - 7*c**4/12 + 5*c**3/6 - 2*c**2 - 3*c - 10. Let d = 6 + 0. What is o(d)?
-10
Let t(u) = -2*u + 10. Let p be (-2)/4 - 37/2. Let i = -12 - p. Let f be t(i). Let a(b) = -b**3 - 3*b**2 + 5*b + 1. Give a(f).
-3
Let z(j) = -3*j - 11. Let b(m) = 5*m + 16. Let v(x) = -5*b(x) - 8*z(x). Give v(8).
0
Let y(x) = -x + 2. Suppose 0 = -3*m - 2*c, -m - 5*c - 11 = 2. Let t be (8/(-10))/(m/(-5)). Let n be (-6)/6*(-4)/t. Calculate y(n).
0
Let x = 8 - 4. Suppose x*m = -3*z - 17, 5*m - z + 13 = -2*z. Let u(y) = y**2 + 2*y - 1. Calculate u(m).
-1
Let k(t) be the third derivative of 10*t**2 + 0 - 1/8*t**4 - 1/2*t**3 + 0*t + 1/120*t**6 - 1/60*t**5. Determine k(3).
6
Let j be (-1 - (-4)/6)*6. Let k(u) = 2*u**2 - 2. What is k(j)?
6
Let w(n) = -n**2 + 7*n + 6. Let m = 117 + -109. Give w(m).
-2
Let d(r) = 8*r - 6*r**2 + 2 - 3*r**3 - 2*r + 4*r**3. Suppose 0 = -0*l + 4*l - 2*n - 22, 3*l = -4*n + 11. Calculate d(l).
7
Let o(v) = -v**2 - 5*v + 8. Let c be o(-6). Let u(a) = 5*a**2 + a - a**2 - 2*a**2 - 3 - a**c. Calculate u(0).
-3
Suppose -12 - 3 = 3*g. Let r(b) = -b**3 - 6*b**2 - 2*b + 4. What is r(g)?
-11
Let g(s) = -s**2 + s + 5. Suppose 2*j - 14 = 5*b, 2*j + 0*j = -b + 14. Suppose -4*z + j = -w - 4, 0 = -4*w - 12. Let o be (0/2*1)/z. Determine g(o).
5
Let w(g) be the second derivative of g**3/2 - 3*g**2 + 30*g. What is w(4)?
6
Let z(m) = 2*m**2 - 3*m + 3. Suppose -3 + 0 = -p. Calculate z(p).
12
Let r(t) = 5*t**2 + t - 10. Let z(o) = 4*o**2 + o - 9. Let k(h) = -5*r(h) + 6*z(h). Determine k(0).
-4
Let p(z) = -z - 8. Let u be p(-6). Let j be (0 + (4 - -2))*u. Let o be (j/21)/((-6)/21). Let i(v) = -v**3 - v**2 + 2*v - 3. Determine i(o).
-11
Let h(f) = -4*f - 1. Let g(m) = m**2 + 7*m - 3. Let x be g(-7). Determine h(x).
11
Let y(z) = -z**3 - 7*z**2 - 5. Let p(o) = 3*o - 25. Let i be p(6). Calculate y(i).
-5
Suppose -2*u = -5*f - 26, -u - 6 - 8 = 2*f. Let h(v) = v**2 + 5*v - 7. What is h(f)?
-1
Suppose -6*s = -s - 10. Let h(c) = -2*c**2 - 3*c + 3. Determine h(s).
-11
Let t(x) = -11*x + 1 + 10*x + 11*x. Give t(1).
11
Let i(c) = -c**2 + 3*c + 4. Let o be i(4). Suppose o*d = -3*d. Let a(j) = 5*j**3 - 4*j - 9. Let q(f) = 4*f**3 - 3*f - 8. Let p(n) = 3*a(n) - 4*q(n). Give p(d).
5
Let i(u) be the second derivative of 7*u**4/12 + u**3/6 + u**2/2 - 7*u. Calculate i(-1).
7
Suppose 3*i = 2*i + 4. Let t = 6 - i. Let s = 1 + t. Let y(q) = -q**2 + 4*q + 1. Give y(s).
4
Suppose -d + 5*d + 8 = 0. Let f be 6/d - (-2 + 3). Let t(o) = -o**3 - 5*o**2 - 2*o + 2. What is t(f)?
-6
Let j(l) = -l**2 + 1. Suppose 5*z - 3 = 12. Let p be (-1 + -1)*(z - 2). What is j(p)?
-3
Let q(c) = -3*c**2 - 5*c. Let m(k) = -16*k**2 - 25*k - 1. Suppose -s - 1 + 3 = 0. Let x(r) = s*m(r) - 11*q(r). Calculate x(-5).
-2
Let s(d) = d**3 + 3*d**2 + d + 1. Suppose -a + 3*x = -x - 5, -4*x - 20 = 4*a. Let o = a + 5. Let k be o/(-2*(-2)/(-4)). Calculate s(k).
3
Let w be -1 - ((-3 - 1) + 2). Let y(x) = 5*x**2 + 3*x + 5. Let s(q) = q**3 - 11*q**2 - 7*q - 11. Let h(k) = -4*s(k) - 9*y(k). Give h(w).
-5
Let h(j) = -8*j**2 - 3*j + 3. Let q(z) = z**2 - z + 1. Let r(y) = -h(y) + 3*q(y). Calculate r(-1).
11
Let y(u) = -3*u**3 - 2*u + 1. Let s be (-21)/(-14)*(-2)/(-3). Determine y(s).
-4
Let s(d) = -d - 10. Let c(n) = 2*n. Let q be c(-3). Give s(q).
-4
Let g(m) = -11*m**3 + 2*m**2 - m. Let z(o) = 11*o**3 + 5 - 1 - 4 + o - o**2. Let x(f) = -4*f. Let a be x(1). Let l(s) = a*z(s) - 3*g(s). What is l(-1)?
10
Suppose 0 = 3*m - 2 - 4. Let r(t) = t**2 - 6*t + 7. Let y be r(5). Let c(h) = -h**2 - 8*h + 6*h + y*h**2 - 1. Determine c(m).
-1
Let b be 10/12 + (-196)/(-168). Let k(i) = -4*i**3 - 3*i**2 - 13*i + 6. Let g(j) = -j**3 - j**2 - 4*j + 2. Let t(c) = -7*g(c) + 2*k(c). Determine t(b).
-2
Let c = -97 + 93. Let d(h) = h**2 + h - 5. Determine d(c).
7
Let c(j) be the third derivative of j**4/12 + j**3/3 - 5*j**2. Calculate c(2).
6
Let z(k) be the first derivative of k**4/4 - 2*k**3 + 5*k**2/2 + 3*k + 5. Let h = 11 - 6. Calculate z(h).
3
Let o(p) = -3*p - 1. Let r = 4 - 5. Let q be (1 + r)/(0 - 1). Suppose q = -5*v + 2*v + 3. Determine o(v).
-4
Let d = -1 + 5. Let g(v) = 8*v**2 - 14*v**2 - 4*v + 11*v**2. Let q(m) = -m**2. Let f(t) = -g(t) - 4*q(t). What is f(d)?
0
Let l(a) = a**2 + a + 1. Let h(f) = -3*f**2 - 2*f - 6. Let q(b) = h(b) + 4*l(b). Calculate q(-5).
13
Suppose -4*v = -4*j + 1 - 9, 3*j + 18 = -v. Let o(x) = -6*x + 11. Let p(g) = -5*g + 10. Let b(d) = j*p(d) + 4*o(d). Determine b(0).
-6
Let f be (0 + -4)*(0 + -1). Let o = f - 3. Let n(b) = -2*b**2 - 3 + 2 + 2*b + 0 + 8*b**3. What is n(o)?
7
Let k(i) = -7*i**3 - 4*i**2 - 11. Let u(n) = 13*n**3 + 8*n**2 + 21. Let c(g) = -11*k(g) - 6*u(g). Determine c(-4).
-5
Suppose 7*l = 3*l + 64. Let a(g) = 9*g**3 + 5*g - 5. Let y(h) = 28*h**3 + 16*h - 16. Let f(i) = l*a(i) - 5*y(i). What is f(1)?
4
Let q(s) be the first derivative of -1 + 1/3*s**3 - 3*s + 2*s**2. Give q(-5).
2
Let t be 2/(-10) - (-1)/5. Suppose t = -3*l - 7 - 2. Let q(d) = d - 3. Let v(w) = 2*w - 6. Let s(p) = 9*q(p) - 4*v(p). Determine s(l).
-6
Let m(g) = -g - 2. Let a = 42 + -36. Give m(a).
-8
Suppose 0 = -3*u - 5*h + 3, -2*u = -h + 1 - 16. Let i(q) = -u + 2 - q + 0*q**3 - q**3 + 6*q**2. Suppose -19 = 7*f - 61. Calculate i(f).
-10
Let p(a) = -a**2 + a + 9. Let y = -4 - -1. Let v(b) = -3*b - 4. Let u be v(y). Let q(h) = -2*h**2 + 2*h + 19. Let i(n) = u*p(n) - 2*q(n). Determine i(0).
7
Let n(f) be the second derivative of f**4/6 + f**3/2 - 3*f**2/2 - 14*f. Calculate n(2).
11
Let u be ((-5)/(-2))/(8/16). Suppose p + 0*q - 13 = 3*q, 0 = -p - 3*q - u. Let g(a) = 4*a - 1. What is g(p)?
15
Let z be 1 + 0 + 18/2. Let a be -2 + z + 0 + 0. Let f = a - 11. Let c(u) = -u - 2. Determine c(f).
1
Let v(r) = -r - 3. Let d(a) = -a + 1. Suppose -x = 4*x + 5*c - 20, 0 = 5*x - 2*c + 15. Let y(m) = x*d(m) - v(m). Determine y(-3).
-4
Let k(v) = v**2 + 5*v - 3. Let z be k(-5). Let c(t) = t**3 - t**2 - t. Let d(x) = 2*x**3 + 3*x**2 + 4*x + 3. Let r(w) = c(w) - d(w). Determine r(z).
3
Let t(c) = c**3 + 7*c**2 - c + 1. Suppose 39*x + 35 = 34*x. Give t(x).
8
Let s(a) = -6*a + 5. Let j(m) = 4*m - 3. Let z(f) = 8*j(f) + 5*s(f). Determine z(-1).
-1
Suppose 0 = 8*z - 13*z + 30. Let s(o) = -o**2 + 8*o - 7. What is s(z)?
5
Let w(z) = 25*z**2 + 11. Let c(u) = -8*u**2 - 4. Let j(m) = 8*c(m) + 3*w(m). Calculate j(1).
12
Suppose 0*k + 2 = k. Suppose 5*u - u + 14 = -2*o, -2*o + 10 = -k*u. Let z(a) = -a**2 - 2*a + 1. What is z(u)?
-7
Let n(i) = -i**2. Let h(t) = -2*t**2 + 1. Let v(c) = h(c) - n(c). Calculate v(-2).
-3
Let t(y) be the third derivative of -y**4/12 - y**3/6 + 4*y**2. Suppose -r - 2 = -4. Suppose -r = 2*o + 4. Calculate t(o).
5
Let l(g) be the third derivative of -5*g**4/12 + g**3/6 + 21*g**2. Determine l(2).
-1